f (62 - 13) + (-26 - 15)?
8
What is the value of -26 + 10 + 9 + 19?
12
Calculate -2 + (-2 - -9) - (6 + -3).
2
-29 + 25 - (-21 + 42)
-25
Evaluate 28 + -3 + -3 + 5 + -9.
18
Calculate (-15 - (-26 - -13)) + 13.
11
Evaluate 5 - -1 - (-10 + 15 + -22).
23
12 + (64 - 66) + 4 + -2 + -10
2
Calculate (0 - (-1 - 10)) + -264 + 267.
14
What is the value of (29 - 15) + 17 + -22?
9
Evaluate (-6 - 0) + -7 + (25 - 9).
3
-10 - (-25 - -6) - 3 - (-1 - -1)
6
Calculate (-13 - -4) + -2 + -1 + -1 + 8.
-5
Calculate 4 + -3 - -17 - 2.
16
4 + -4 + -3 + 0 + 34 + -3
28
Evaluate -250 + 245 - (-1 - 10).
6
Evaluate -94 - -79 - (-2 + -5).
-8
Calculate 29 + -21 - (-3 - 2) - 28.
-15
What is 6 + -9 + (-2 - -12) + -4 + -11?
-8
Evaluate 1 - (-8 + 7) - -14.
16
(-3 - -3 - -1) + (-6 + 22 - 19)
-2
Calculate 1 + 17 - (-187 + 186) - (0 + 8).
11
What is the value of -14 + 8 + -3 + (2 + 1 - 1)?
-7
What is the value of 15 + -10 + -5 - (-6 + -2)?
8
Evaluate 6 - 30 - (178 - 219).
17
What is the value of (-2 - 3 - -2) + 5 - -7?
9
What is the value of 0 + (-7 - -14) + 3 + (23 - 20)?
13
(-3 - 0 - (13 - 8)) + -2 - -8
-2
Evaluate -37 - (-34 - (8 - 22)).
-17
Calculate -9 + -1 - (-17 + 9) - -1.
-1
What is the value of (-22 - -30) + (-3 - (7 - 1))?
-1
Calculate 3 + (-6 + -3 - -3) + 10 + -10.
-3
-16 - (-21 - (-2 - -7))
10
Evaluate -21 + -3 + 23 + -9.
-10
-19 + (38 + -72 - -21)
-32
Evaluate -17 - (6 - (12 + 21)).
10
What is (-8 - 3 - 5) + 22 - -13?
19
Calculate -5 + 15 - (8 - -3).
-1
What is -19 + 0 + -138 + 150?
-7
10 + -2 + (-12 - -19)
15
Evaluate (0 - 2) + 1 - (-1 + (-1 - 5)).
6
Evaluate 0 + (10 - 6 - 13) + 1.
-8
What is 5 + 1 + (-8 - -2) + -5 - -4?
-1
Calculate (-3 + 9 + -11 - -4) + -3.
-4
What is the value of -5 - (2 - (24 - 21))?
-4
-5 + 1 - 14 - (23 + -9 + -2)
-30
What is (-1078 - -1046) + (-3 - -1) + 7?
-27
-27 - 2 - (13 + -25 - (-21 + 14))
-24
What is the value of (10 - (2 - (4 - (15 + -2)))) + 12?
11
What is the value of 30 + (34 + -16 - 78)?
-30
Calculate 2 - 0 - (-106 + 92) - 6.
10
What is -1 + -4 + 4 - -4 - -4 - 20?
-13
What is (31 - 6) + (1 - 17)?
9
-2 + 5 + 6 + (1 + -5 - 3)
2
Calculate 1 + 4 - -8 - (12 - 4).
5
What is the value of (-28 - (-18 + -4)) + (2 - -12) - 33?
-25
Evaluate 5 + -5 - (-4 - (-7 - -6)).
3
Evaluate (-6 + 6 - (-12 + 4)) + -14.
-6
Calculate -14 - (-8 - (0 + -9)).
-15
What is (4 - 9) + (-26 - -4) + 3 - -9?
-15
What is (-1542 - -1558) + -37 + -2?
-23
-8 + 14 - 17 - (-7 - -1)
-5
What is the value of 25 - ((4 - -4) + -10)?
27
What is (0 - (-4 - -2)) + 12 + -8?
6
Evaluate -6 + (19 - ((2 - 3) + 7) - 4).
3
Calculate 14 - (-21 - (-26 + 14)).
23
Calculate (1 - (5 - 2)) + (6 + -8 - 9).
-13
What is (-8 - -13) + -11 + 10 - (0 + 3)?
1
1 - (8 - (5 + (-10 - (5 - 19))))
2
Evaluate (3 - -10) + -6 - (9 + 2).
-4
Calculate 20 - 26 - 5 - -20.
9
(22 - 24) + (-33 - -28)
-7
Calculate -10 + 15 + -25 - -41.
21
What is the value of (18 - -2) + -10 + -18?
-8
What is (8 - 6 - (-2 + -21)) + 1 + 3?
29
Evaluate (2 - 1 - 2) + 9.
8
What is the value of 16 + (32 - 30) + -26?
-8
-15 + -3 - -3 - (66 + -62)
-19
What is the value of (-100 - -83) + (37 - 0) + (-10 - 1)?
9
-2 + -1 - 1 - (26 + -16 + -12)
-2
Calculate -2 + 0 + (-3 - 2) - (-192 + 186).
-1
What is the value of -14 + 8 - 7 - -8?
-5
What is the value of 6 - 11 - -18 - (-3 + 25)?
-9
What is -113 + 121 + (-1 - 1) + -2?
4
(-3 - 0 - -3 - 1) + (-31 - -28)
-4
What is the value of 3 - (6 - (-6 + 5))?
-4
Calculate 7 + -27 + 16 + 7.
3
Calculate -19 + 17 - ((7 - 1) + 0 + 0).
-8
What is the value of (5 - (-3 - -7 - -2)) + -3 + 13?
9
What is the value of (-18 - -6) + (-28 - -8 - -33)?
1
What is -36 + (43 - 20) - 2?
-15
What is the value of 9 - (27 - 24) - (-1 - (-1 - -2))?
8
-6 + -2 + -7 + 4 + 15
4
Calculate 30 + -4 - (16 + 26).
-16
What is the value of (-8 - -2) + (5 - (-1 + (6 - 3)))?
-3
Calculate 32 + (18 - 43) + 17.
24
Calculate 1 - -5 - (4 - (6 - -2) - 8).
18
What is -6 + (-17 - -3) - -5?
-15
What is the value of 0 + -1 + -65 + 66 - -12?
12
1 + -5 + (31 + -23 - 6)
-2
What is the value of -11 + -7 + 18 + -2 - 5?
-7
Calculate 97 - 103 - (4 - 2).
-8
Calculate 2 + (5 + -13 - -2).
-4
What is (7 + -7 + 4 - 19) + -3?
-18
What is the value of (-8 - 0) + 1 - (198 + -203)?
-2
Calculate 116 + -69 - (35 - 3).
15
Calculate 17 + 11 + -22 + (-12 - -1) - -4.
-1
What is 3 - ((9 - 10 - 21) + 15)?
10
What is the value of 18 + 6 + 21 + -32?
13
Calculate 53 + (7 - 22 - 6).
32
What is the value of (0 - 1) + (6 - (-18 + 25) - 5)?
-7
84 + -81 - (-5 - 0)
8
Evaluate 7 - (-25 + (64 - 25)).
-7
Evaluate (-4 - (-1 + 0)) + (5 - -14 - 16).
0
(31 - 4) + 6 + -11 + -1
21
Evaluate 2 + 2 + -1 + 1 - (-89 + 111).
-18
What is -1 + 8 - ((5 + -9 - 1) + 12)?
0
What is the value of -66 + 75 + (2 - 24) + 12?
-1
What is the value of (-16 + 15 - (-12 - -6)) + -37?
-32
Evaluate -6 + -1 + 69 + 29 + -59.
32
What is the value of (15 - -5) + (-16 - -5)?
9
What is the value of (2 - 10) + 6 + -8 + (-25 - -26)?
-9
-103 + 100 + 4 + 1 + 1
3
Calculate (13 - (8 + 2) - -11) + (-4 - -1).
11
Calculate 43 + -11 - 29 - 39.
-36
10 - (-9 - -14 - 3)
8
Calculate 0 + 2 + 5 + (-16 - -6).
-3
Calculate 9 - (-18 - (-25 + 10) - (0 - 0)).
12
Calculate -8 + 12 + 1 - (33 + -11).
-17
What is 2 - 2 - -8 - (-356 + 357)?
7
Calculate (-22 - -14 - -5) + 1.
-2
What is the value of 3 + (-31 - (-2 - 13))?
-13
-3 + -5 - (-3 + (18 - 9))
-14
-6 + 1 + -8 + (16 - -14)
17
-25 - (-10 + 18) - ((-11 - -7) + -1)
-28
Evaluate 18 - (7 + 4 + 4 + -5 + 0).
8
What is -13 - (19 - (-13 + 22))?
-23
-15 + 40 + -36 - (7 - 2)
-16
Evaluate 6 - 1 - ((-15 - 42) + 81).
-19
10 + -28 + 37 + -8
11
What is 27 - (37 + -48) - 44?
-6
Calculate (-1 - 1) + (-6 - (-3 + -1)).
-4
What is the value of -4 + 0 + -10 + 6 + -5 + 8?
-5
What is -27 - (12 + -30 + 9)?
-18
Calculate 4 + 14 - (218 + -180).
-20
-12 + 16 + -5 + -19 + 33
13
What is the value of (0 - (-5 - (16 - 11))) + -9?
1
What is 6 + -7 - (17 - (6 - 0))?
-12
What is 19 - ((-4 - -20) + -4)?
7
What is (40 + -36 - 14) + 0?
-10
What is the value of -8 + (14 - (0 - -4))?
2
What is the value of 0 + -19 + 1 + (8 + 5 - 9)?
-14
9 - (-6 + 15 + -10)
10
Calculate -10 - -2 - (3 - 23 - (-21 - -31)).
22
12 + (-4 + -11 - -6) + -18
-15
What is the value of -9 - -16 - (-5 + 2 + 0)?
10
38 + 24 + -48 + (2 - 0) + 4
20
1 + (-12 - (12 - 18)) + (1 - 1)
-5
Evaluate 2 + -3 - (-17 + 16) - -6.
6
-3 + -15 + (-5 - -17)
-6
Calculate 1 + 2 - (-4 - -11 - (2 + 11)).
9
Calculate (-30 - (3 + -37)) + 0 + -12.
-8
What is (-23 - -11) + (9 - (-3 + 0))?
0
What is the value of 8 + (3 - 11 - 8)?
-8
-4 - (-3 + 5 + 0 - 10)
4
14 + (-3 - (4 + 10))
-3
What is 0 + (1 - (-6 + 1 + 0)) + -4?
2
Calculate -1 - -26 - (-1144 - -1167).
2
-8 + (0 - -22 - (-14 + 6 + 9))
13
5 - (22 - (34 + -13) - (-3 - 1))
0
What is the value of -3 + (-20 + 15 + -8 - -7)?
-9
What is the value of (-7 - (-5 + (-2 - -4 - -1))) + 9?
4
What is -7 + (7 + 4 + -2 - (3 - 23))?
22
Evaluate (-8 - 1) + (12 - (0 + 9 + 1)).
-7
5 - ((9 - (3 + 2) - 2) + 6)
-3
What is (26 + -14 - 19) + (-8 - -53)?
38
Evaluate (-4 + 24 - 13) + -4.
3
What is -219 + 200 - (-25 - -2)?
4
6 + 1 + (142 - 147 - (-13 - -1))
14
46 + -4 + (-2 - 18)
22
Evaluate 22 + 9 + -10 + -9 + 2.
14
What is -9 + (1 - (-7 + -1 + 0 + 4))?
-4
Calculate (-2 + 3 - -3) + 1 + (-118 - -108).
-5
Calculate -7 - ((26 - -4) + -8).
-29
4 + -3 + 10 + -5
6
What is the value of 3 + (-4 - (-1 + 6) - 6)?
-12
What is the value of -2 + 5 + (2 - -2) - (39 + -30)?
-2
Evaluate 0 + 7 + -1 + (65 - 83) + 27.
15
What is 2 + -20 - (0 - 8 - (49 + -62))?
-23
What is the value of (-2 - 4 - -3 - -7) + -17?
-13
What is 20 - (19 + -27) - -3?
31
Calculate 16 + ((6 + -3 - -4) + -12 - -8).
19
What is -81 - -77 - (0 + -4 + 2)?
-2
Evaluate (52 + -22 - 13) + 6 + -2 + -4.
17
Evaluate -77 + 95 + -6 + (-3 - (1 + -7)).
15
Evaluate 3 - (7 + 7 + -3).
-8
What is -19 - (-9 - (15 + -20)) - -1?
-14
What is 0 + -2 + 0 - (-38 - -17 - -14)?
5
Calculate -38 + 10 - -22 - -29.
23
What is -10 + -8 + (-4 - -21)?
-1
What is the value of -21 - (-5 - (-1 + -1 - -9) - -6)?
-15
Calculate -8 + 1 + 8 - -6.
7
Evaluate 45 + 29 + -92 + 19.
1
What is the value of (-13 - (5 + -8)) + 1 - (-22 - 1)?
14
Calculate -15 + 14 + -4 - -18.
13
What is the value of (0 + -1 - 24) + (-4 - 1) + 14?
-16
Calculate -18 - 4 - -11 - (-7 - 0).
-4
0 + 5 + 3 + -2
6
Calculate 1 - (2 + -11 + 6 + 9).
-5
What is 8 + 2 + -4 + (224 - 229)?
1
8 + -2